(-2)?
8
Let q(x) = x**3 + 3*x**2 + 1. Let k = 26 + -12. Let g be (-7)/k + 14/4. Suppose 3*l = 4*l + g. Calculate q(l).
1
Let z(o) = o + 12. Suppose 6*a - 2*a = 0. What is z(a)?
12
Let y(h) = 17*h + 7. Suppose 3*r + r - 16 = 0. Let n(k) = 8*k - 1. Let x(s) = 8*s - 2. Let p(m) = r*x(m) - 5*n(m). Let w(j) = -13*p(j) - 6*y(j). What is w(2)?
1
Let f(t) be the second derivative of -t**4/12 - t**3 + t**2/2 + 16*t. What is f(-7)?
-6
Let a be -1*(-6 + (4 - 2)). Let q(d) = 13 - 13 - a*d. Determine q(-1).
4
Let p(f) = f - 6. Let k be 12/5 - 3/(-5). Determine p(k).
-3
Let u(m) = 2*m - 7. Let p(n) = n**2 + 23*n - 5. Let q be p(-23). Give u(q).
-17
Let q be 6/8*(-8)/(-9). Let c(j) be the third derivative of 0 + 1/12*j**4 + q*j**3 + 0*j - 1/60*j**5 + 2*j**2. What is c(4)?
-4
Let w(c) be the first derivative of 0*c**3 + 1/6*c**4 + c + 1/10*c**5 - 1/2*c**2 + 1. Let t(y) be the first derivative of w(y). What is t(-1)?
-1
Let d(w) = -7 - w**2 - 3*w + 5 + 5. Let o = -1 - 2. Determine d(o).
3
Let q(d) = 0*d + 6*d - 8*d - d**3 + 4*d**2 + 1. Determine q(3).
4
Let h be 2/((-6)/(-33) - 0). Let p(n) = n**2 + n + 11 - h. What is p(2)?
6
Let t = 21 + -21. Let n(a) = -a - 4. What is n(t)?
-4
Let t be ((-2)/(-3))/((-6)/(-189)). Suppose t = 3*g + 4*f, -3*g + 6*f - f = 6. Let q(o) = -2*o - 1. What is q(g)?
-7
Let t(v) be the third derivative of v**5/15 + v**4/24 - v**3/6 - 9*v**2. What is t(1)?
4
Let n(x) = -6*x + x - 6 + 2 + 3. Give n(1).
-6
Let p(m) = -2*m**2. Let r be p(-1). Let y(g) = 231 + 2*g**2 - 231. What is y(r)?
8
Suppose -7*a + 12*a + 5 = 0. Let f(i) = 6*i**2 + 1. What is f(a)?
7
Suppose -3 = 3*t + 6. Let x be (6/(-8))/(t/(-12)). Let a(f) = -2*f**2 - 3*f - 2. Let n(v) = -v**2 - v. Let b(r) = -a(r) + 3*n(r). Give b(x).
-7
Suppose 7 = 3*v + 1. Let i(o) = -1 - o + 2*o + v. Let g(s) = -s**3 + 4*s**2 - 5*s + 3. Let h be g(3). Give i(h).
-2
Let x(j) = 6*j + 3. Let q(v) = -5*v - 2. Let c(b) = 4*q(b) + 3*x(b). Determine c(3).
-5
Let a = -5 - 1. Let j be 1/((-3)/6) - a. Suppose n - 7 = 2*s, -j*s + 2*n - 11 = -s. Let p(z) = z**2 + 4*z. What is p(s)?
-3
Let x(j) = -j - j**2 + j + 12 + j + 9*j. Let u be x(11). Let f(m) = 2*m**3 + 2*m**2 - m. What is f(u)?
3
Suppose 5*m = 14 + 11. Let b(j) = -1. Let h(s) = -7*s + 6. Let n(r) = m*b(r) + h(r). Calculate n(1).
-6
Let a(w) = 2*w**3 + w - 1. Let l be a(1). Let c(z) = l - 5*z**2 + 0*z + 4*z**2 + 0*z + z**3. Give c(2).
6
Let f(o) = 0*o**2 + 10 - o**2 + 4*o**3 - o**3 - 2*o**3. Give f(0).
10
Let n(w) be the first derivative of 4/3*w**3 + 3/2*w**2 + 1/4*w**4 + 3 + 3*w. What is n(-4)?
-9
Suppose 4*a + 25 = -a. Let l = a - -8. Let x(p) = -l*p - p + 2*p**2 - 1 + 3*p + 2*p**3. Give x(-2).
-7
Let b(l) be the first derivative of 5*l**2/2 - 8. What is b(1)?
5
Suppose -i - 32 = -5*q, -3*i + 18 = 4*q - 0. Let w(u) = -q*u + 2*u + 3*u - 2. Calculate w(-2).
0
Let y(o) = -2*o**3 - o**2 + 2*o - 1. Let a(g) = -3*g - 3. Let t be a(-2). Let v be (-5)/((-1)/(-1)) + t. Calculate y(v).
7
Let u(o) = o**2 - o - 3. Let r(t) be the third derivative of -t**6/120 + t**5/20 + t**4/4 - 5*t**3/6 + 8*t**2. Let f be r(4). Calculate u(f).
3
Let p(l) be the third derivative of 1/60*l**5 + 0*l**4 + 0*l + 2*l**2 + 0 + 0*l**3. Let k = -2 + 1. What is p(k)?
1
Let b = 40 + -30. Let v(y) = -y**2 + 10*y + 3. What is v(b)?
3
Let w(k) = -7*k**3 + k**2. Suppose 2*n + 10 = 6*h - 2*h, 4*h - 15 = -3*n. Calculate w(n).
-6
Let p(s) = -s**2 - 4*s - 5. Suppose -x = w, 2*w + 0*w + x + 3 = 0. Let v = -7 - w. Determine p(v).
-5
Let f(c) = c**2 + 6*c + 8. Let t(p) = 1. Let u(k) = -f(k) - t(k). Determine u(-6).
-9
Let c(k) = -3*k**2 + 7 - 5 - 3*k - 2. Give c(-2).
-6
Let j = -1 + 0. Let n(t) be the second derivative of -1/4*t**4 - t + 0 - 1/6*t**3 - 1/2*t**2. Calculate n(j).
-3
Let c(h) = -3*h**3 + 2*h**2 + h. Suppose 4*k = 3*k. Suppose -2*i - z = -k - 2, 4*z - 12 = -4*i. What is c(i)?
4
Let x(i) = -i - 2. Let p(u) = -1. Let s = -6 - -16. Let m(w) = s*p(w) - 4*x(w). Calculate m(2).
6
Let l(p) = p**3 + 4*p + 3. Let d be (12/(-3) + 2)/1. Give l(d).
-13
Let h(u) = -6*u**2 - 108*u**3 + 4 + 107*u**3 - 4*u + 0*u. Calculate h(-4).
-12
Let z(t) = t**3 - t + 1. Let u be (-20)/(-9) + -2 + 80/45. Give z(u).
7
Suppose -2*p - 3 = -p. Let m(l) = 2*l. Let q(f) = -4*f. Let r(t) = 9*m(t) + 4*q(t). Give r(p).
-6
Let q be 0/(1 + -3) + -2. Let t(k) = 3*k + 17. Let u(c) = c + 8. Let f(d) = q*t(d) + 5*u(d). Let r(p) = -p**3 + p**2 + p + 2. Let i be r(2). What is f(i)?
6
Let w(m) = -m + 7. Let x(t) = -5*t + 35. Let c(b) = 11*w(b) - 2*x(b). Let i(j) = -j**2 + 5*j - 4. Let r be i(4). What is c(r)?
7
Suppose 1 = 2*y + 9. Let m(z) = -z**2 - 4*z + 6*z**2 - 4*z**2 - 5 - 2*z**2. Determine m(y).
-5
Let y(i) = -i**2 - 9*i - 10. Suppose 0 = -4*p - 42 + 10. What is y(p)?
-2
Let b = -3 - -2. Let d(a) be the first derivative of -2*a**3 - 8. What is d(b)?
-6
Let t(u) be the third derivative of 0*u + 2*u**2 - 1/6*u**4 - 1/60*u**5 + 0*u**3 + 0. Give t(-3).
3
Let q be -5*(-3)/3*1. Let r(y) = y - 3 + y**3 - q*y + 0*y**3 + y**2 + y**3. Determine r(-2).
-7
Let m(x) = -10*x**2 + 6*x**2 - 175*x**3 + 174*x**3 - 5*x**2 + 7 - 7*x. Give m(-8).
-1
Suppose -1 = a + 3. Let o(t) = -3*t**2 - 4 + 2*t + 0*t**2 - t**3 - 1. Calculate o(a).
3
Let l = -127 + 132. Let g(j) = -2*j**2 + 6*j + 7. Give g(l).
-13
Suppose 0 = 2*d - x - 15, -5*d - 15 = -4*x - 57. Let r(o) = -o**3 + 7*o**2 - 6*o - 8. Calculate r(d).
-8
Let j(z) = z. Let x(b) = b - 1. Let l(f) = -j(f) + 2*x(f). Suppose 4*a = -4*d, 3*a = d + 7*a. Suppose 7*o - 2*o + 15 = d. Calculate l(o).
-5
Let b(y) = -3*y + 1. Let v(n) = -11*n + 26*n - 1 - 14*n. Let m(t) = b(t) + v(t). What is m(-3)?
6
Let t(a) = a**3 + 6*a**2 + 2*a + 2. Let u = 50 - 56. What is t(u)?
-10
Let w(m) be the second derivative of m**3/6 + m**2 - 2*m. Let p be w(-2). Suppose 7*v - 2*v = p. Let h(u) = u**2 - u - 4. Give h(v).
-4
Suppose -5*r - 50 = 3*t, -2*t = r - 5*t - 8. Let g(m) = m - 2. Calculate g(r).
-9
Let l(p) be the second derivative of p**6/720 + p**5/60 - p**4/6 - p. Let d(r) be the third derivative of l(r). Suppose 2*t - 4 = -0. Give d(t).
4
Let y(g) = 2*g - 6. Suppose 4*k - 5*i + 28 = 0, 5*k - i - 5 = -19. Let x = 2 - k. Calculate y(x).
2
Let n(l) = 2*l**2 - 6*l. Let h = 63 + -59. Calculate n(h).
8
Suppose -3*s = -t - 8, -s - 5*t - 2 = 6. Let a(k) = 6 - k**3 + 8*k - 6*k - 7*k + 5*k**s. What is a(4)?
2
Let j(t) be the first derivative of t**2/2 + 3*t + 1. Let p = 2 - 5. Let i = p + 3. Give j(i).
3
Suppose 20*d = 19*d + 1. Let j(v) = 2*v**3 + 1. What is j(d)?
3
Let s(v) be the second derivative of 4*v + 7/6*v**3 + 0 + 7/12*v**4 + v**2 + 1/20*v**5. Determine s(-6).
-4
Suppose -3*w + 8 = 2*h, 5*h = 3*w + 3*h - 16. Suppose w*g - 3 = -11. Let p(u) = -u**3 - 2*u**2 + 2. Determine p(g).
2
Let z be ((-1)/2)/((-2)/4). Let w(b) be the first derivative of 5*b**3/3 - b**2/2 - 14. Give w(z).
4
Let s(v) be the third derivative of v**5/60 - 3*v**4/8 + 5*v**3/3 + 5*v**2. Determine s(8).
2
Let k(h) = -3*h - 1. Suppose -3*z - 2 = -11. Give k(z).
-10
Suppose -4*p - p + 10 = 0. Let r = 2 - p. Let o be (r - 3)*1/(-3). Let s(k) = 8*k**3 - k. Calculate s(o).
7
Let k be (5 + 0)/(-5) + (-6)/(-4). Let j(b) be the first derivative of k*b**2 + 2*b + 1. What is j(5)?
7
Let k(f) = f. Let q be k(2). Suppose 26 = -8*s + 3*s + q*m, -3*s = 5*m - 3. Let d(t) = t + 3. Let h(j) = j + 3. Let p(l) = -4*d(l) + 5*h(l). Determine p(s).
-1
Let d be -6*(15/(-6) - -2). Let q(f) be the first derivative of -f**2 + 3*f + 2 - 3*f - f**d. What is q(-2)?
-8
Suppose 2 + 4 = 2*b. Let s(m) = -m**2 + m**2 + m**b + 5. Determine s(0).
5
Let q(s) be the second derivative of s**4/12 + s**3/6 + s**2/2 + s. Calculate q(0).
1
Let b be ((-6)/15)/((-2)/(-10)). Let v be 3 + b/(-4)*-2. Let u(g) = 3 - 5 + g - g**3 + 2*g**v + 0. Determine u(2).
0
Let u be 25/(-3) + (-2)/(-6). Let q(p) = -p**2 - 9*p + 4. What is q(u)?
12
Let p(t) = -t + 6 + 0*t - 6. Calculate p(6).
-6
Let x(l) = -l**2 - 6*l - 5. Let k be x(-4). Suppose -k = -2*h - 9. Let f(j) be the first derivative of -j**3/3 - j**2/2 + 2*j + 1. What is f(h)?
-4
Suppose -x = 4*x. Suppose 0 = -3*t + 17 - 2, x = -3*y + 2*t - 16. Let f = -1 + y. Let i(v) = -v - 2. Calculate i(f).
1
Let s(h) be the first derivative of h**2/2 - 2*h - 9. Calculate s(3).
1
Let z(t) be the first derivative of 10*t**3/3 + t**2/2 + 4*t - 4. Let f(q) = 19*q**